24 = n. Is q composite?
False
Suppose 19 = -4*p - 1, 4*p + 363 = 7*x. Suppose -37*m - 275412 = -x*m. Is m composite?
True
Let y = -62735 + 598720. Is y composite?
True
Suppose -56*v = -87*v + 464039. Is v composite?
False
Let r(t) = -t**3 - 17*t**2 + 36*t + 24. Let n be r(-18). Let d = 502 + n. Is d a composite number?
True
Suppose 6*d = -q + 211123, 4*q + 37*d - 33*d - 844512 = 0. Is q a composite number?
False
Suppose -7*m - 4 = -3*m, 0 = 4*b - 3*m - 3052447. Is b a prime number?
True
Let p = -92 + 99. Suppose -p*i = -8*i. Is 0 + (i - -4) - 6174/(-7) a composite number?
True
Let g(l) = -9 - 10*l**2 - 8*l - 15*l**2 + 24*l**2 - 5581*l**3 - 2*l. Is g(-1) composite?
False
Suppose -2*d = -7 - 9. Let g(r) = 15*r**3 - 38*r**2 + 26*r + 7. Let u(y) = -7*y**3 + 19*y**2 - 12*y - 4. Let w(p) = -3*g(p) - 7*u(p). Is w(d) composite?
False
Suppose 3*y + 3*h = 93918, -2*h + 187830 = 6*y + 2*h. Is y prime?
False
Is 1*(0 - 259643)*-1 a prime number?
True
Let w(q) = -23259*q - 768. Is w(-21) a prime number?
False
Suppose -70114 - 1313763 = -11*n. Is n composite?
True
Let o = 184 + -173. Suppose 9821 + 42726 = o*h. Is h prime?
False
Suppose 33*f - 610998 = 754641. Is f composite?
True
Suppose 60*s - 920701 = 1101479. Is s composite?
False
Let r = 349369 - 161556. Is r a prime number?
False
Let y(l) = 148*l**2 + 8*l - 267. Let w be y(35). Suppose 4*n - w = -4*i - 13793, -i = -4*n - 41875. Is i composite?
False
Suppose 8101*p = 8108*p - 87157. Is p prime?
True
Suppose t + 4 = -3*q, -2*q - 2*q - 12 = -2*t. Suppose t*z = n - 9217, -4*n - n + 5*z = -46095. Is n composite?
False
Suppose -4*j - 5*u + 33 = 0, 18*u - 20 = -5*j + 16*u. Suppose -x + 6*g - 7*g + 24932 = 0, -5*x = j*g - 124669. Is x a composite number?
True
Suppose 2284432 = 2*m - 3*u, 4*m = u - 6*u + 4568798. Is m a composite number?
True
Suppose -5*h = -5*x - 290 + 12255, 3*h - 11949 = -5*x. Suppose -x = -8*q + 36353. Is q a composite number?
True
Let t = 240 + -237. Suppose -t*b + 9584 + 6919 = 0. Is b a composite number?
False
Let d = -2826 + 1675. Let r(v) = v**3 + 41*v**2 + 212*v - 20. Let m be r(-33). Let p = m + d. Is p composite?
True
Let t be ((-3)/(-1) - 50/20)*0. Suppose t = 3*c + 2*z - 1044, 4*c - 2*z = -0*c + 1378. Is c prime?
False
Suppose 0 = -c - 4 + 25. Suppose -m = -5*g - 5*m, -5*m = g + c. Suppose -g*x = -3*y - 4256, -4*y + 2*y + 1053 = x. Is x composite?
False
Suppose -5*o - 2*z - 9414 = -6*z, 0 = 4*o - 3*z + 7532. Let u = o + 9069. Is u a composite number?
True
Suppose 4*u - 2*i - 578536 = 0, -11*u + 10*u - 3*i = -144613. Is u a composite number?
True
Suppose 0 = -2*s - 4*i + 450, 3*s + 2*i - 541 = 142. Suppose 4*r - s = -29. Let v = r + -19. Is v prime?
True
Let a(k) = -13 + k**2 - 2*k + 7 + 11*k. Let o be a(-10). Suppose -n + 6571 = -o*p, -8*p - 2 = -7*p. Is n prime?
True
Let i(t) = -177*t**3 + 6*t**2 - 2*t - 18. Is i(-7) prime?
True
Suppose -2*h + 0*j - j = -7, h - 4*j = 17. Let w(l) = -12*l - 1 + h + 8*l**2 + 17*l. Is w(-6) a composite number?
True
Suppose -23*v + 1 = -24*v. Let i be 1 - (v - (3 + -872)). Let o = 1500 + i. Is o a composite number?
True
Suppose 0 = -45*q + 16*q + 174. Suppose -4*m + r = -70675 - 92109, 4*r = 0. Is m/16 - 3/q a prime number?
True
Let v = 741870 - 230443. Is v composite?
True
Is -56517*(-9)/9*((-5)/(-3) + -1) a composite number?
True
Suppose 0 = -5*r + 2*z + 31, 2*r - 3*z = -10 + 29. Suppose -3*w + 600 = -r*f, -220 = -w + 7*f - 12*f. Is w a prime number?
False
Let x = 12490 - -2897. Suppose 10*i - x = -4177. Is i a composite number?
True
Suppose 121*w = 112*w + 18. Suppose w*o = -5*k - 701 + 4252, k - 703 = 2*o. Is k a composite number?
False
Let c(p) = 6*p - 4. Let m(s) = -s**3 + 16*s**2 - 16*s + 17. Let n be m(15). Suppose n = k - 11. Is c(k) a composite number?
True
Let k(f) = -f**3 + 2*f**2 + 26*f - 51. Let t be k(5). Is 8347/(-3)*(-10 - (-11 + t)) composite?
True
Let l(b) = -44645*b**3 + 2*b**2. Is l(-1) a prime number?
True
Suppose -330689 + 1414241 + 2531504 = 16*b. Is b composite?
False
Let b(o) = 14*o + 79. Let y be b(-5). Suppose y*k - 8*k = 0, 0 = -2*g - 2*k + 254. Is g a composite number?
False
Suppose 4*t = 5*b - 12828049, -3551562 + 13814066 = 4*b + 4*t. Is b a prime number?
False
Let d(i) = -208824*i - 2117. Is d(-7) prime?
True
Let u = -15551 + 6005. Let p = -5785 - u. Is p a prime number?
True
Let k(c) = 551*c**2 + 29. Let q be k(7). Suppose -10*j + q - 2158 = 0. Is j a prime number?
False
Let t = -2784 + 2742. Let z be -3*(-21616)/(-6)*1. Is z/t + -2 + 5/3 prime?
True
Let a(c) = -5*c**3 - 27*c**2 + 2*c + 2. Let z be a(-20). Suppose 2*j = m + j - 14587, 5*j + z = 2*m. Is m a prime number?
True
Let p be -2217*(-2)/(7 - 1). Suppose 0 = 5*o - 3*t + 2028, -17*o + 14*o + 5*t - 1204 = 0. Let z = p + o. Is z a prime number?
True
Let h(i) = i**2 - 10*i + 21. Let j be h(5). Let o be 2212/196 + j/14. Is (1346/8 - 0)/(o/44) a composite number?
False
Let l(o) = -38*o**3 + 10*o**2 + 3*o + 19. Let m be l(-9). Let s = m - 14943. Suppose -4*z + 5*c = -s, 3*c + 6780 = 2*z + c. Is z a prime number?
True
Let y(o) = 393*o - 196. Let x = -302 - -325. Is y(x) prime?
False
Let n be (1 + -2 - -23) + -13 + 11. Let z(y) = -10 + 10*y - n*y - 6*y. Is z(-8) composite?
True
Let z = 14196 + -7558. Suppose -5*q - 25 = -0*q, -4*c = -2*q - z. Is c a composite number?
False
Let s = 1025188 + -732275. Is s prime?
False
Let w(q) = -1472*q + 163. Let v(l) = -982*l + 109. Let a(c) = -8*v(c) + 5*w(c). Is a(14) a prime number?
False
Let t(j) = j**2 - 21*j + 40. Let b be t(19). Let g be (-66)/(-17) + b/17*1. Suppose g*f = -n + 19, 23 = 2*n + 15*f - 12*f. Is n prime?
True
Let u(y) be the first derivative of 8*y**3/3 + 18*y**2 - 93*y + 88. Is u(22) composite?
True
Suppose 24*p + 19738 = 26*p - 5*n, -2*p - 5*n = -19738. Is (p/2)/((-20)/(-40)) prime?
False
Let j(q) = q**3 - 22*q**2 + 19*q + 45. Let u be j(21). Suppose -5*a + u*f + 4598 = -a, 2*a - 2310 = -4*f. Is a a prime number?
True
Let q(z) = 112*z**2 + 8*z + 5. Let b be q(-5). Suppose 5363 = -4*h - 1949. Let y = b + h. Is y prime?
True
Suppose -4*i - 7*r + 7 = -2*r, 3*i - 2*r = 11. Suppose -2*m + 1512 + 402 = g, 0 = 4*m + i*g - 3832. Is m a prime number?
False
Suppose -60*y = -40*y + 40. Is (3/y - (-26)/52) + 4050 a composite number?
False
Let w(i) = -5*i**2 - 66*i + 86. Let k(m) = 3*m**2 + 44*m - 57. Let c(z) = -8*k(z) - 5*w(z). Suppose 11*x + 1176 = 60*x. Is c(x) prime?
False
Let k(u) = 13*u**2 - 14*u + 20. Let t be k(14). Suppose -a + v = a - 3386, -4*v = 5*a - 8465. Let b = t - a. Is b a composite number?
True
Suppose 4*r + 8*k - 4*k = 309716, 0 = 4*r + 5*k - 309716. Is r a composite number?
True
Let o(g) = -g**3 + 19*g**2 + 17*g + 45. Let h(d) = -2*d**3 + 36*d**2 + 33*d + 91. Let a(w) = 2*h(w) - 5*o(w). Is a(24) prime?
False
Suppose 3*b = -4*b + 154. Let m be b/((-1)/(-5) + 36/20). Is 2383/9 + m/((-198)/(-4)) composite?
True
Let h be (-2 - (-182)/4) + 7/(-14). Suppose -4*v = -3*v - 4*u - h, -5*u = -v + 40. Is v prime?
False
Is (-15)/9*-3 - (-10 - 18007 - -1) a prime number?
False
Let f = 33972 + -22320. Suppose 5*q = l + 4036 + f, -2*q = 3*l - 6265. Is q a prime number?
True
Let p be (70*94)/(-10) - 1. Suppose 0 = -z + 2*i - 1010, 2*z - i = -0*i - 2026. Let c = p - z. Is c composite?
True
Suppose -20 = -4*w - 0*w. Suppose 2*m = -5*o + 4*m + 15181, 0 = o + w*m - 3047. Is o composite?
False
Suppose 45 + 30 = 3*h. Let m = h - 19. Suppose -m*f - 4*f = -6970. Is f a prime number?
False
Let i(l) = -l**3 - l**2 + 3*l - 32. Let f be i(0). Is f/(-336) - 36597/(-63) a prime number?
False
Suppose 5*q - 3*f - 2770829 = 0, 74*q - 4*f = 76*q - 1108342. Is q composite?
False
Let k = 1025 - 141. Suppose -k*j + 878*j = -37266. Is j composite?
False
Suppose 0 = -64*p + 18*p - 85*p + 20678219. Is p prime?
False
Suppose -576*a + 577*a + 3*p = 59264, -p = 2*a - 118503. Is a prime?
False
Is 6/4*(-55458)/(-81) a prime number?
False
Suppose 2*h - 14 = -6, 3*k - 2*h - 257539 = 0. Is k composite?
True
Let p(f) be the second derivative of f**2 - 7/6*f**3 - 3*f + f**4 + 0. Is p(-5) prime?
True
Let z = -543 - -800. Let m = 21 - -45. Let w = z - m. Is w prime?
True
Suppose -2*h = -j - 17 - 85, -2*h - 114 = j. Let x = j + 171. Suppose x = r - 16. Is r prime?
True
Suppose -4*i - 3*c + 46 = -c, -5*i + 50 = c. Is (-493691)/(-33) + (1 - 21/i) prime?
